 m(g) = 12*g + 1. What is m(j)?
-23
Let c be (-3)/(9/(-2)) + 13/3. Suppose -w = -4 + 3. Let b(x) = 0*x + 4*x**2 - x**3 - w + 4*x + 0*x. Determine b(c).
-6
Let y(b) = 3*b + 8. Suppose 24 = -q - 3*q. What is y(q)?
-10
Let c(y) = -y**2 - 4*y + 1. Suppose -k - k - o = 8, 0 = -k + 3*o - 11. Let s be c(k). Let j(v) = v**3 + 3*v**2 - 3*v - 3. Give j(s).
-7
Let t(v) = -v + 4. Suppose -5*w + 17 = -4*y, 0*w + 3*w - 25 = -5*y. Calculate t(w).
-1
Let h(f) = -f - 16. Let v be h(-16). Suppose i = -3*i + 4. Let r(s) = s**3 + s**2 + 0*s**3 - s - 1 - i. Calculate r(v).
-2
Let k(t) = -2*t - 1. Let m be k(-2). Suppose -v + m*b - b = 3, 3*v + b = -23. Let l = v + 12. Let j(y) = -y**3 + 5*y**2 + y - 4. Determine j(l).
1
Let v(g) = -4*g - 2. Suppose 2*j - 1 - 5 = 0. Suppose 5*c - 14 = -3*d, c + 8 = -j*d + 6*d. Suppose -5*r - 11 + c = 0. What is v(r)?
6
Let v(i) = -i**3 - 4*i**2 + i. Let s(f) = -f. Let n(j) = 3*s(j) + v(j). What is n(-4)?
8
Let b be 1 - (-5)/((-20)/(-8)). Let r(m) = m**2 - 6*m + 3. Determine r(b).
-6
Let b(w) = w**3 + 6*w**2 + 6*w + 2. Suppose p + 20 = -4*p. Determine b(p).
10
Let r(f) = 15*f - 20*f + 4*f - 1 - 14. Determine r(0).
-15
Let v(y) = y**2 + y - 5*y + 2 + y + 0*y**2. Determine v(3).
2
Let x(q) = -q**3 + 4*q**2 - 3. Let f be (3/2)/((-21)/(-56)). Suppose 0 = -3*l + 5*y + 10 - 1, 2*l + f*y - 6 = 0. Calculate x(l).
6
Let a(d) be the second derivative of -d**5/60 - 5*d**4/24 + d**3/3 - d**2 - 3*d. Let r(i) be the first derivative of a(i). Determine r(-4).
6
Let b(u) = -5*u + 27*u - 14*u - 7*u - 1. What is b(7)?
6
Let d(i) = i**3 - 7*i**2 - 9*i + 7. Let p be d(8). Let g(r) = -6*r**3 + r**2 - 4*r + 6. Let k(q) = q**3 + q - 1. Let s(b) = g(b) + 5*k(b). Calculate s(p).
2
Let i(r) = -r**2 - 1. Let t(b) = -b**3 + 3*b**2 + 4. Suppose -5*l - 26 = -6. Let d(o) = l*i(o) - t(o). Let y = 30 - 30. Determine d(y).
0
Let c(a) = -a**2 + 4*a. Let n(y) = -y**3 - 6*y**2 - y - 2. Let d be 0/2 + (-1 - -4). Let g = -9 + d. Let r be n(g). Give c(r).
0
Let p be (1 - -5)*1/(-3). Let m be p/(-7) + (-182)/(-49). Let j(t) be the first derivative of 3*t**2/2 - 6*t - 2. Determine j(m).
6
Let d(a) be the first derivative of 4 + 0*a**2 - 4*a - 1/3*a**3. Let i(c) be the first derivative of d(c). What is i(2)?
-4
Let z(q) = q**2 + 8*q + 6. Suppose 5*k - 42 = 12*k. Determine z(k).
-6
Let a(r) = -1 - r + 3 + 0*r. Let v = -12 + 9. Determine a(v).
5
Let j(d) be the second derivative of d**3/2 + 4*d**2 - 114*d. Let k = 2 + -8. What is j(k)?
-10
Suppose f = f - 4*f. Let d(o) = o**2 - 4. Determine d(f).
-4
Let u be (1 + -2)/(1/(-2)). Suppose -q = 2*g - 6, 5*g + 7 = 4*q - 4. Let o(v) = 0 - 5*v**u + g + 2 - v**3 + v. What is o(-5)?
-2
Suppose 0 = 2*z + 2*j - 10, j - 3*j + 6 = 0. Let m(y) = 6*y**z - 3 - y**3 - 6*y + 6 + 0*y**3. Let v(a) = -a**2 + 6*a + 5. Let f be v(6). Determine m(f).
-2
Let z(h) = -8*h + 2*h**2 + 13*h + 0*h**2 - 4. Suppose -4*r - 16 = 4*y, -3*r = -6*r. Calculate z(y).
8
Let l be 1/(-2) - 25/(-10). Suppose -5*q - 16 = 4*f, -6*q + l*q - 4*f = 16. Suppose q = 3*x - 4*x + 1. Let k(m) = m**2 - 1. What is k(x)?
0
Let n(z) = 39 - 9 - z - 13. Determine n(9).
8
Let j = 21 + -22. Let v(x) = 12*x**2. Determine v(j).
12
Let k(l) be the second derivative of l**7/420 - l**5/120 + l**4/24 + 3*l**3/2 - 3*l. Let o(u) be the second derivative of k(u). Give o(-2).
-13
Let b = -1 + 3. Suppose g = -2*p - 1, 3*p = -2*g + b - 4. Let w(t) = -6*t**3 + t**2 + 2*t + 1. Determine w(g).
6
Let p(q) = 5*q - 6. Let o(a) = a**3 - 7. Let k be o(0). Let l(g) = -3*g + 3. Let b(j) = k*l(j) - 4*p(j). Let v be b(-4). Let w(r) = -4*r. Determine w(v).
4
Let p(n) = 6*n + 5. Let a(x) = x + 1. Let h(d) = -12*a(d) + 3*p(d). Calculate h(-5).
-27
Suppose 0 = 2*r + 5 + 3. Let o(l) = -l**2 - 2*l + 5. Give o(r).
-3
Let u(n) = -29*n**2 + 48*n**2 - 2*n**2. Determine u(-1).
17
Let p be (4 + 0)*1/2. Let c(k) = -k**2 + 9*k - 6 + 5*k**2 - 5*k**p - 4*k. Determine c(5).
-6
Let i be (2/(-2) - -1)/(-1). Let j(m) = -m + 0*m - m**2 + i*m. What is j(0)?
0
Let n(d) = 0*d**3 - 3*d**3 - 9*d**2 + 4*d**3 + 3*d**2 + d - 1. Let w be -2 + 3 + -2 - -7. What is n(w)?
5
Suppose -4*s = -4*b - 16, 2*s - b + 2 = 8. Let v(i) = -2*i**3 + i**3 + 2*i - 1 + i + 3*i**s. Suppose 6 = 4*z - 6. Give v(z).
8
Let s = -7 - -12. Let o(w) = 4*w. Let p(j) = -j - 1. Let q be p(5). Let l(c) = 3*c - 1. Let m(i) = q*l(i) + 4*o(i). What is m(s)?
-4
Let i(s) = s - 7. Let v(h) = h**2 - h + 1. Let z(l) = -5*l**2 + 4*l + 1. Let u(g) = 4*v(g) + z(g). Let d be u(0). Give i(d).
-2
Let l(y) = y**3 - 4*y**2 + 2*y - 4. Let a(g) = 3*g - 2*g**3 - 9 + 3*g**3 + 3 + 6*g**2. Let u be a(-5). What is l(u)?
4
Let h(w) = w**3 - 5*w**2 + 4. Let d be h(4). Let z be 15/18 - 2/d. Let t(o) = 4 - 2*o + 0*o + 3*o + z. What is t(4)?
9
Let a(r) = 8 - 11 + 11 - 2*r. Calculate a(6).
-4
Let u(d) = 8*d + 8 + d**2 + 15*d - 22*d. Give u(0).
8
Suppose q + 10 = -3*a - 7, -2*a - 2*q = 14. Let r = 3 + a. Let o(g) = -7*g - 3. Calculate o(r).
11
Let m(p) = p + 3. Let g(h) = h + 8. Let z(d) = -2*d - 15. Let q(s) = -11*g(s) - 6*z(s). Let f = -9 + 6. Let x(n) = f*m(n) + 5*q(n). Give x(-3).
-5
Let p(m) = -m**3 + 4*m**2 - 1. Suppose 3*d - 2*r + 7 - 3 = 0, -2 = d - r. Suppose d = 2*k + 2 - 6. Suppose -v + 5 = 2*v + x, -k*x = -4*v + 20. What is p(v)?
8
Let c = -14 + 20. Let j(p) = 2*p**2 - 6*p**2 - 1 + 8 - p - c - p**3. Suppose -10 = 5*z - 0. Give j(z).
-5
Let b(q) = 3*q - 7. Let s(y) = -8*y - 82. Let u be s(-11). Give b(u).
11
Let j be 20/(-16) + 1 + (-46)/8. Let w(c) = c**3 + 7*c**2 + 7*c + 6. Determine w(j).
0
Let p(t) = -t - 1. Let n be p(-6). Let g(o) = -o - 4. Calculate g(n).
-9
Let z(t) = 5 - 2 - 5 + 5*t - t**2. Let p be (3 - (0 - 0)) + 1. Determine z(p).
2
Let u(y) = y - 1. Let j = 0 + 8. Suppose -4*k + 8 + j = 0. Give u(k).
3
Let l(s) be the third derivative of -s**4/24 + 3*s**3/2 + 12*s**2. Determine l(6).
3
Let v(z) = 2*z**2 - z. Let c(q) = 2*q + 6. Let k(r) = -2*r - 1. Let p be k(2). Let m be c(p). Let a be 3/(-2) + (-2)/m. Determine v(a).
3
Suppose 3*c + 5*q - 29 = 0, -8 = -3*c + 3*q + 13. Suppose -c = 4*x - 20. Let l(p) = -p**2 + 7*p - 3. Give l(x).
9
Let p(z) = z**2 + 2*z - 7. Let y be p(-4). Let u(f) = -18*f + 1. What is u(y)?
-17
Let b(f) = f - 2. Let c be (5 - 3)/(2/8). Let q(r) = -r**3 + 9*r**2 - 8*r + 5. Let z be q(c). What is b(z)?
3
Let x(d) = d**2 - d + 5. Let r(o) = o - 4. Let u(q) = 5*r(q) + 4*x(q). Calculate u(1).
5
Let s(p) = -3*p - 39. Let b be s(-15). Let n(g) = -2*g + 9. Calculate n(b).
-3
Let h = -14 - -20. Let f(q) = -q**3 + 7*q**2 - 6*q + 2. Give f(h).
2
Let h(u) = -10*u - 4. Let l(t) = -7*t - 3. Let q(g) = -5*h(g) + 7*l(g). Suppose 7*n - 6 - 1 = 0. What is q(n)?
0
Let u(g) = g**3 - 7*g**2 + 3. Let o be u(7). Let y(h) be the third derivative of 0*h**o + 1/24*h**4 - 2*h**2 + 0 + 0*h. Calculate y(-5).
-5
Suppose -4*z + 8*x = 5*x + 4, 5*x - 12 = 4*z. Suppose i - z = 2*i. Let t(v) = 2*v - 2. Calculate t(i).
-6
Let c(h) = 14*h + 4 - 54*h + 22*h + 21*h. Give c(6).
22
Let t(q) = -6*q + 3. Let m = 4 + -2. Determine t(m).
-9
Let m(l) = -4*l - 8 + 7*l + 4. Calculate m(6).
14
Let w(x) = -2*x**2 - 9*x - 1. Let l(k) = k**2 + 8*k. Let q(g) = 3*l(g) + 2*w(g). Let n be q(6). Let v(o) = o**3 + 4*o**2 + 3*o + 1. Calculate v(n).
3
Let q = 27 - 15. Let v = q - 7. Let t(i) = v*i**2 + 3 + i**2 - 5*i**2 + 6*i. Give t(-2).
-5
Let k(u) = u**3 - 6*u**2 + 4. Let j(x) = -x**3 + x**2 + x - 8. Let s be j(0). Let b be (-50)/s - 8/32. What is k(b)?
4
Let n(i) = -i + 8. Let x be n(4). Let t(r) = r**3 - 5*r**2 + 4*r - 1. What is t(x)?
-1
Let m(c) = c + 4 + 5*c**2 + 3*c**3 - 2*c**3 - 2*c**2. Let w(y) = 1 + 1 + 2 + y + 0*y. Let s be w(-7). Determine m(s).
1
Let a(r) be the first derivative of 3*r**2/2 + 5*r + 6. What is a(-5)?
-10
Let d = 0 + 0. Let l(a) = -a**2 - 3*a - 8. Let p(g) = -4*g**2 - 13*g - 32. Suppose 0 = -3*f - 2*f - 45. Let s(j) = f*l(j) + 2*p(j). Determine s(d).
8
Let z(r) = r - 1. Let h be z(4). Let x(p) = 3 + 1 + 2*p + 1 - h. Let m be 14/6 - (-1)/(-3). Determine x(m).
6
Let q(t) = -13*t**2 - 24*t - 25. Let r(g) = -3*g**2 - 6*g - 6. Let d(k) = -k**3 + k**2 - 3*k + 1. Let l be d(2). Let f(x) = l*r(x) + 2*q(x). Determine f(-5).
-1
Let r(t) be the first derivative of -t**3/3 + 6*t**2 + 16*t + 5. What is r(13)?
3
Suppose 3*g = -g + 8. Suppose 1 = g*u - 31. Let f be u/(-7) + (-2)/(-7). Let d(y) = -y